 0*w - w - c + 34 = 0, l*w = 3*c + 58. Calculate the greatest common factor of w and 8.
8
Suppose -88 = -20*y + 12*y. What is the greatest common factor of y and 297?
11
Let z be 10/(-4)*4*5/(-10). Let p be 6*(4 + 20/z). What is the greatest common divisor of p and 32?
16
Let g = 2050 + -2023. What is the greatest common divisor of 675 and g?
27
Let m(s) = -15*s - 405. Let w be m(-28). What is the greatest common divisor of 130 and w?
5
Suppose 0 = m - 4*m - 4*s + 188, -2*s - 236 = -4*m. Calculate the greatest common divisor of m and 150.
30
Let z be 1 + -6 + 664 - (4 + -3). Calculate the highest common divisor of z and 94.
94
Let r(i) = -2*i**3 + 16*i**2 + 4*i - 5. Let o be r(8). What is the greatest common factor of 351 and o?
27
Let p = 41 - 30. Suppose -9*m - 50 = -p*m. Let q(o) = -o**3 - 2*o**2 - 2*o + 1. Let b be q(-2). Calculate the highest common factor of b and m.
5
Suppose 0 = 18*y - 6887 + 1145. Let a be (-2)/4*(-57 + -1). What is the greatest common divisor of a and y?
29
Let z(x) = -x**3 - 6*x**2 + 4*x - 2. Let k be z(-6). Let q = 51 + k. What is the greatest common factor of 10 and q?
5
Suppose -8*q - 9 = -11*q. Suppose n - 137 = -2*v, v - 5*n + q*n - 71 = 0. Calculate the highest common factor of 46 and v.
23
Suppose 13 = 2*i - 5. Suppose 0 = -5*v, -46 = -2*m - 8*v + 3*v. Suppose 3*z + 48 = 4*l, z = -3*l + m - 0. Calculate the greatest common divisor of i and l.
9
Suppose -69 = -8*m + 27. Let o be 2/8 + 15/4. Calculate the greatest common divisor of o and m.
4
Let m be (-2)/(-6)*28 + 4/(-3). Suppose -2*x + 3*x - m = 2*v, -5*x + 72 = -2*v. What is the greatest common factor of 48 and x?
16
Let l be (-5)/3*18/(-5). Suppose -7*a + l*a + 65 = 0. Let x = 200 - a. What is the greatest common divisor of 15 and x?
15
Let y(o) = o**3 - 3*o**2 - 25*o - 16. Let a be y(7). Let h = -7 + 12. What is the greatest common factor of h and a?
5
Suppose 352 = 2*w + 2*t, -2*t - 3*t = -5. Let r be -25*(1/(-5))/((-8)/(-40)). What is the greatest common divisor of w and r?
25
Let m(f) = f**2 - 7*f - 2. Let i be m(4). Let x = i - -18. Suppose 5*q + 5*o = 115, 7 = q - x*o - 11. Calculate the highest common factor of q and 2.
2
Let i(k) = -35*k - 204. Let m be i(-8). Calculate the highest common factor of m and 722.
38
Suppose -168 = -3*h + 4*v - 6, 247 = 4*h + 5*v. What is the greatest common factor of h and 2?
2
Let f(v) = 2*v - 10. Let o be f(10). Let a be ((-56)/(-70))/(4/o). Suppose -5 = w, -6*m - 2*w = -a*m - 62. Calculate the highest common divisor of m and 18.
18
Let i be 71/(-3 - -4) - 5. Suppose -4*g + g + i = 0. Calculate the highest common factor of 121 and g.
11
Suppose 8*a - 5 = 27*a - 233. Suppose 40 = l - 8. Calculate the highest common divisor of l and a.
12
Suppose -3*c + 16 = -20. Let u = -8 + c. Suppose -50 = -u*o - o. Calculate the greatest common divisor of o and 30.
10
Suppose 11*y - 7*y - 29 = -f, 0 = 4*f - 3*y - 192. Calculate the greatest common factor of 1170 and f.
45
Let q(l) = -2*l**3 + l**2 - 2*l + 45. Let p be q(0). Calculate the highest common divisor of 9 and p.
9
Let r = -81 + 87. Suppose 3*l + 10 = 82. Calculate the highest common divisor of r and l.
6
Let z be ((-22)/55)/(2/(-50)). Suppose 0 = b + 1 - z. What is the highest common factor of 1 and b?
1
Let b(o) = -2*o + 6. Let g be b(2). Suppose -g*c + c + 231 = 0. Calculate the greatest common factor of c and 21.
21
Let v(g) = -38*g**3 - 2*g**2 - 4*g - 1. Let l be v(-1). What is the greatest common divisor of 624 and l?
39
Let f = -173 + 389. What is the highest common factor of f and 27?
27
Let f = -1 - -4. Suppose f*j - 6*j + 81 = 3*q, 3*q - 111 = -4*j. Suppose 31 = 2*h + 7*a - 6*a, -a = -5*h + 74. What is the highest common factor of j and h?
15
Suppose -5*k + 3*h + 1875 = 0, -3*h = 5*k - 5*h - 1880. Suppose -q + k = 6*q. Calculate the highest common factor of q and 6.
6
Suppose 2*q = -2*q + 276. Let o = q + -55. What is the highest common divisor of o and 224?
14
Let a(s) = -s**3 - 6*s**2 + 2*s + 5. Let k be a(-7). Suppose 7*v = -24 + 3. Let o be (-2*24/(-16))/(v/(-20)). Calculate the greatest common factor of o and k.
20
Let x = 223 + 51. Suppose 3*g - 6 = 0, -4*s = -0*g + 5*g - x. Calculate the highest common divisor of s and 44.
22
Let a(h) = -51*h**3 + 3*h + 4. Let l be a(-1). Suppose 241 = 7*y + l. What is the highest common factor of 18 and y?
9
Suppose 336 = t + 3*t. Suppose -y + t = -2*o + o, 2*y + 2*o = 168. Let v = -928 + 949. What is the highest common divisor of y and v?
21
Suppose 17*m = 1195 + 29. Calculate the greatest common divisor of m and 9.
9
Let l = 303 + -276. Calculate the highest common divisor of 18 and l.
9
Let i be -4 + -3 + -2 + 5. Let p be (-9)/(-6) + (-10)/i. Suppose b + z = p*b - 104, -z = 5*b - 184. Calculate the greatest common factor of 24 and b.
12
Let b = 332 - 318. What is the highest common divisor of 21 and b?
7
Let z = 368 - 353. Let r be -358*1*2/(-4). Suppose y + r = 4*k, -2*k + 5 = -2*y - 83. Calculate the highest common divisor of k and z.
15
Let l = -16 - -21. Suppose l*v = -3*p + 63, -p + 3*p - 55 = v. Suppose 2*r = -17 + 43. What is the highest common divisor of r and p?
13
Suppose 314 = 2*c + 2*j, -4*c + 636 = j + 23. Suppose -s + 4*u = -35, 4*s = 8*s - 4*u - 92. What is the highest common factor of s and c?
19
Let i be -1 - -1 - (-2 - -1). Let a be (-2)/(-2)*-1*(-6)/i. Let x(v) = v**2 + v + 6. Let l be x(0). What is the greatest common factor of a and l?
6
Let y = 539 + -467. What is the highest common factor of 6 and y?
6
Let k(c) = 7*c + 3*c - 2*c - 7*c**2 + c**3. Let q be k(6). Let n(z) = -18*z**2 - 180*z + 12. Let t be n(-10). Calculate the highest common factor of t and q.
12
Let j be (1 + 1)/(4/(-6)). Let z be (-6)/2 - j - -12. Suppose 0 = -5*p + 12 + 18. What is the highest common factor of p and z?
6
Let p(c) = c + 23. Let x be p(-6). Calculate the greatest common divisor of x and 255.
17
Let u = -544 + 568. Let v(i) = -i**3 - 6*i**2 - 8*i - 3. Suppose 0 = 5*t + 1 + 24. Let w be v(t). What is the highest common divisor of w and u?
12
Let g = -12 + 12. Suppose 2*c + c + 15 = g. Let m(j) = -j**2 - 9*j + 2. Let b be m(c). What is the greatest common divisor of b and 22?
22
Let a(h) = h**3 + 4*h**2 - 7*h - 1. Let y be a(-5). Let z = -3 + y. Suppose 48 = z*l - 2*l. Calculate the greatest common divisor of l and 48.
12
Let c(f) = 29*f - 139. Let r be c(6). What is the highest common divisor of 42 and r?
7
Let b = 238 - -402. Calculate the highest common divisor of b and 60.
20
Let q(x) = -x**2 - 7*x - 8. Let m be q(-3). Let r be -3 + m - (-2)/(-2 + 4). What is the highest common divisor of r and 22?
2
Let d = -1139 - -1199. Let o be (4/(-6))/((-2)/72). Calculate the highest common divisor of d and o.
12
Let z be (-2)/(-7) - (-21)/(-98)*-1464. What is the highest common factor of z and 2?
2
Suppose -2*t + 2 + 8 = 0. Suppose -2*p + t*a - 16 = 0, 0*p + 14 = 3*p + 2*a. Let b be 301/21 + p/3. What is the greatest common factor of b and 5?
5
Suppose -9*m + 181 + 575 = 0. Let o = 132 - m. What is the highest common factor of 6 and o?
6
Let u = 267 + -258. Calculate the highest common divisor of u and 54.
9
Let s(f) = 13*f - 30. Let z(m) = -7*m + 15. Let r(n) = 3*s(n) + 5*z(n). Let v be r(18). Calculate the highest common factor of v and 19.
19
Let y(g) = -g**2 - 47*g - 18. Let m be y(-10). What is the highest common factor of 11 and m?
11
Let s = -33 + 31. Let h be (26/13)/(s/(-1)). Calculate the highest common factor of h and 2.
1
Let f = 1 - 0. Let y(u) = 72*u**2. Let n be y(f). Let m(k) = -274*k + 1382. Let t be m(5). Calculate the greatest common divisor of t and n.
12
Let g(k) = k**3 - 16*k**2 - 28*k + 27. Let m be g(18). What is the highest common factor of 19 and m?
19
Let d = 24 + -20. Suppose d*z = -z + 45. What is the highest common factor of z and 81?
9
Let d(n) = n**2 + 4*n - 1. Let c be d(-6). Let w be 94 - 4 - (34 - 43). What is the greatest common divisor of c and w?
11
Suppose 2 = 2*i - 0*i. Let t be (1 - -2) + (0 - i). Let p be -6 + t - 0 - -121. What is the highest common divisor of p and 13?
13
Let b(a) = -a**3 + 7*a**2 - 5*a - 3. Let n be b(5). Let m be -1*(((-5)/3)/((-75)/90) - 4). Calculate the greatest common factor of m and n.
2
Let m(y) = -y**3 + 11*y**2 - 13*y + 12. Let h be m(8). Suppose -8